base 11
6
19119 (base 13) to base 6
1012353
What is 3 (base 14) in base 12?
3
Convert -101112212 (base 3) to base 15.
-242b
What is 1030 (base 4) in base 9?
84
What is 34540 (base 7) in base 14?
3320
Convert -1621 (base 14) to base 12.
-2351
-122 (base 3) to base 6
-25
Convert 689 (base 13) to base 11.
935
Convert -3dc4 (base 14) to base 10.
-10952
What is -350 (base 6) in base 2?
-10001010
Convert -3267 (base 15) to base 2.
-10100110110000
-5436 (base 7) to base 8
-3622
What is -c64 (base 13) in base 4?
-200332
What is 1394 (base 14) in base 4?
312012
914 (base 10) to base 12
642
-12222 (base 6) to base 10
-1814
What is -b6 (base 12) in base 9?
-163
1a7 (base 13) to base 14
17c
-1304 (base 14) to base 16
-d08
What is -7654 (base 11) in base 2?
-10011101110110
What is 1213 (base 14) in base 12?
19a9
Convert 340 (base 5) to base 7.
164
Convert -5717 (base 16) to base 7.
-122000
-620 (base 13) to base 11
-866
What is 45 (base 9) in base 6?
105
What is 4201 (base 5) in base 6?
2315
111010011010001 (base 2) to base 11
20517
141 (base 6) to base 14
45
What is 1685 (base 10) in base 9?
2272
Convert -10001110010 (base 2) to base 7.
-3214
Convert -11020112000 (base 3) to base 5.
-10132414
6120 (base 11) to base 2
1111111000001
Convert 833 (base 9) to base 16.
2a6
Convert 13156 (base 8) to base 16.
166e
-19324 (base 11) to base 8
-64601
What is -39b (base 12) in base 11?
-461
What is -32214 (base 6) in base 14?
-1866
What is 2126 (base 8) in base 14?
594
-120124 (base 5) to base 11
-3353
507a (base 16) to base 14
7718
What is -30202 (base 4) in base 12?
-56a
What is -340 (base 5) in base 3?
-10112
Convert -147 (base 10) to base 4.
-2103
Convert -1221000002 (base 3) to base 9.
-57002
What is 102301 (base 6) in base 2?
10000001111101
2124 (base 5) to base 12
201
Convert 546 (base 9) to base 2.
110111111
What is 6916 (base 11) in base 12?
5318
Convert -1121012201 (base 3) to base 8.
-75415
What is -2825a (base 12) in base 16?
-d966
-133 (base 13) to base 14
-111
What is 1301 (base 4) in base 14?
81
What is 4004 (base 7) in base 6?
10212
Convert 5160 (base 8) to base 6.
20212
What is -1945 (base 11) in base 4?
-212211
What is -2300 (base 4) in base 15?
-bb
-861 (base 16) to base 11
-1680
What is -23221 (base 6) in base 15?
-eba
Convert c6a (base 14) to base 15.
ad1
What is 21102002 (base 3) in base 8?
12432
What is 752 (base 8) in base 6?
2134
-474 (base 11) to base 3
-202221
Convert -443 (base 12) to base 2.
-1001110011
What is 5a5e (base 15) in base 14?
7006
-33024 (base 6) to base 2
-1000111001000
246 (base 8) to base 11
141
1151 (base 13) to base 10
2432
-17367 (base 9) to base 8
-27300
What is -4797 (base 13) in base 4?
-2131233
1da (base 14) to base 6
1444
-43412 (base 5) to base 14
-1130
What is 153 (base 7) in base 11?
7a
Convert -3649 (base 16) to base 14.
-50c9
2013 (base 4) to base 12
b3
Convert -1137 (base 9) to base 3.
-1011021
What is 1303011 (base 4) in base 12?
4319
What is 211122 (base 4) in base 11?
1887
111101001001110 (base 2) to base 7
160166
What is 14360 (base 14) in base 8?
141620
1122 (base 12) to base 2
11101101010
Convert 14442 (base 7) to base 6.
30303
What is -30324 (base 11) in base 16?
-ad18
Convert 9e (base 15) to base 12.
105
What is -21130 (base 8) in base 16?
-2258
1061 (base 11) to base 8
2566
-645 (base 9) to base 12
-37b
What is -211210 (base 3) in base 16?
-267
What is 325 (base 15) in base 3?
222022
Convert 6798 (base 10) to base 2.
1101010001110
-1013 (base 6) to base 8
-341
2020201202 (base 3) to base 5
2404043
Convert 34432 (base 5) to base 16.
9bc
-549 (base 12) to base 15
-36c
What is 1354 (base 13) in base 8?
5325
1223 (base 10) to base 12
85b
What is 21052 (base 8) in base 7?
34333
What is -81348 (base 9) in base 7?
-311663
341130 (base 5) to base 16
2f08
What is 1153 (base 7) in base 3?
120221
Convert 11217 (base 8) to base 3.
20111222
Convert -56641 (base 10) to base 8.
-156501
What is 31 (base 13) in base 12?
34
What is 132333 (base 4) in base 9?
2643
-31413 (base 5) to base 13
-c62
What is 1049 (base 10) in base 16?
419
510 (base 7) to base 2
11111100
-14132 (base 6) to base 8
-4250
What is -4325 (base 6) in base 11?
-81a
What is 202a (base 11) in base 7?
10566
54 (base 8) to base 3
1122
-1042 (base 6) to base 10
-242
What is -22b (base 14) in base 11?
-362
What is -15a1 (base 15) in base 5?
-122101
What is 20243 (base 5) in base 11?
aa3
Convert 13ae (base 16) to base 12.
2aba
Convert 1a72 (base 13) to base 12.
2378
17 (base 8) to base 7
21
Convert -103221 (base 5) to base 9.
-4786
Convert 10e66 (base 15) to base 12.
27213
What is -110100101 (base 2) in base 9?
-517
-2921 (base 10) to base 8
-5551
What is -120110 (base 3) in base 6?
-1533
What is 2200 (base 6) in base 2?
111111000
5119 (base 11) to base 10
6796
What is -2060 (base 10) in base 12?
-1238
ed (base 15) to base 9
267
Convert -18a82 (base 11) to base 13.
-c144
-257 (base 14) to base 3
-122101
What is -1555 (base 10) in base 15?
-6da
-1447 (base 8) to base 2
-1100100111
What is 3492 (base 10) in base 5?
102432
Convert 61297 (base 10) to base 12.
2b581
What is 11001011211 (base 3) in base 4?
103123213
Convert -1359 (base 13) to base 6.
-20510
Convert -331 (base 6) to base 9.
-151
What is -3200 (base 5) in base 16?
-1a9
What is 2011122220 (base 3) in base 5?
2332030
What is -2423 (base 11) in base 5?
-100141
Convert 4152 (base 9) to base 6.
22032
What is 21223 (base 6) in base 3?
10222020
Convert dd (base 16) to base 12.
165
What is -323 (base 12) in base 15?
-209
What is 2bb6 (base 12) in base 15?
1803
Convert -1265 (base 13) to base 8.
-5072
Convert 2a55 (base 12) to base 6.
34545
6b09 (base 12) to base 15
3826
What is 4 (base 15) in base 11?
4
What is 1234 (base 10) in base 11?
a22
What is -1870 (base 9) in base 16?
-5a0
12012 (base 3) to base 15
95
a05 (base 13) to base 4
122133
Convert 339 (base 10) to base 14.
1a3
What is -767 (base 14) in base 6?
-10435
-46d (base 16) to base 14
-5ad
Convert a10 (base 12) to base 7.
4143
Convert -1686 (base 13) to base 10.
-3321
What is -899 (base 12) in base 13?
-768
What is 65430 (base 9) in base 6?
532430
-1221000 (base 3) to base 9
-1830
What is 330 (base 5) in base 15?
60
-54c2 (base 14) to base 10
-14674
1020330 (base 5) to base 8
41105
1517 (base 11) to base 7
5461
What is -2457 (base 9) in base 6?
-12254
Convert -673 (base 9) to base 2.
-1000101000
-423431 (base 6) to base 10
-34507
Convert -156 (base 11) to base 15.
-c2
Convert -441 (base 5) to base 7.
-232
What is 2321 (base 6) in base 3?
202111
3d27 (base 14) to base 3
112211120
What is 3b18 (base 16) in base 12?
8908
Convert 7608 (base 9) to base 2.
1010111011101
405 (base 8) to base 6
1113
60154 (base 7) to base 8
34236
Convert 547 (base 8) to base 5.
2414
12211 (base 3) to base 13
c1
Convert -23024 (base 7) to base 16.
-16d9
Convert 9014 (base 11) to base 12.
6b36
Convert -262 (base 8) to base 4.
-2302
1cb (base 14) to base 16
177
What is -579 (base 10) in base 11?
-487
What is -535 (base 6) in base 14?
-107
-220032 (base 4) to base 3
-10112100
Convert -163231 (base 7) to base 10.
-32362
What is 5ad (base 14) in base 10?
1133
What is 2031 (base 7) in base 4?
23010
Convert f308 (base 16) to base 7.
346250
Convert 2be8 (base 15) to base 11.
7105
Convert 7778 (base 12) to base 6.
141032
37c (base 15) to base 2
1100011000
-23a (base 11) to base 5
-2120
-613 (base 16) to base 14
-7d1
What is -5c45 (base 16) in base 7?
-125603
1131521 (base 6) to base 5
3334404
-15211 (base 6) to base 8
-4627
Convert 22222 (base 3) to base 10.
242
-10020101 (base 3) to base 6
-14531
What is 3a17 (base 12) in base 15?
1e7d
What is 773 (base 11) in base 15?
41c
What is -110000011 (base 2) in base 7?
-1062
What is 101223 (base 4) in base 5?
14011
What is 230 (base 9) in base 6?
513
51261 (base 11) to base 13
280b4
11020213 (base 4) to base 5
1133111
2511 (base 8) to base 14
6c9
Convert -3516 (base 12) to base 3.
-22010100
What is 2254 (base 8) in base 14?
616
113422 (base 5) to base 2
1000010001101
What is 1004 (base 5) in base 8?
201
-2a7 (base 15) to base 7
-1525
What is -1144 (base 8) in base 10?
-612
Convert -34b0 (base 16) to base 10.
-13488
Convert -403 (base 9) to base 7.
-645
Convert -20203220 (base 4) to base 6.
-430132
What is -203311 (base 4) in base 14?